3
What is the tens digit of 25984?
8
What is the thousands digit of 4275?
4
What is the ten thousands digit of 134079?
3
What is the hundreds digit of 116239?
2
What is the tens digit of 52493?
9
What is the hundreds digit of 4183?
1
What is the thousands digit of 1827?
1
What is the thousands digit of 5734?
5
What is the hundreds digit of 125?
1
What is the ten thousands digit of 13890?
1
What is the hundreds digit of 204?
2
What is the units digit of 14669?
9
What is the tens digit of 5086?
8
What is the ten thousands digit of 14380?
1
What is the units digit of 26450?
0
What is the hundreds digit of 22233?
2
What is the ten thousands digit of 15866?
1
What is the thousands digit of 2345?
2
What is the units digit of 3222?
2
What is the units digit of 28346?
6
What is the hundreds digit of 22121?
1
What is the units digit of 80432?
2
What is the hundreds digit of 118890?
8
What is the units digit of 984?
4
What is the hundreds digit of 1166?
1
What is the thousands digit of 1090?
1
What is the tens digit of 6972?
7
What is the thousands digit of 1041?
1
What is the tens digit of 5066?
6
What is the units digit of 7347?
7
What is the units digit of 113?
3
What is the thousands digit of 123280?
3
What is the units digit of 33269?
9
What is the tens digit of 19812?
1
What is the thousands digit of 4877?
4
What is the units digit of 37938?
8
What is the hundreds digit of 5007?
0
What is the units digit of 490?
0
What is the thousands digit of 5322?
5
What is the thousands digit of 7005?
7
What is the units digit of 1898?
8
What is the units digit of 12307?
7
What is the tens digit of 3453?
5
What is the hundreds digit of 61815?
8
What is the tens digit of 487?
8
What is the units digit of 1060?
0
What is the thousands digit of 6908?
6
What is the hundreds digit of 91468?
4
What is the thousands digit of 4746?
4
What is the tens digit of 2519?
1
What is the tens digit of 9353?
5
What is the units digit of 784?
4
What is the thousands digit of 91054?
1
What is the tens digit of 207?
0
What is the hundreds digit of 2805?
8
What is the hundreds digit of 2813?
8
What is the ten thousands digit of 42466?
4
What is the hundreds digit of 781?
7
What is the hundreds digit of 851?
8
What is the hundreds digit of 545?
5
What is the units digit of 4142?
2
What is the hundreds digit of 2203?
2
What is the units digit of 39369?
9
What is the units digit of 154?
4
What is the units digit of 2385?
5
What is the units digit of 20188?
8
What is the units digit of 5333?
3
What is the tens digit of 2483?
8
What is the units digit of 2413?
3
What is the thousands digit of 12001?
2
What is the hundreds digit of 923?
9
What is the thousands digit of 68295?
8
What is the tens digit of 52325?
2
What is the tens digit of 48450?
5
What is the units digit of 820?
0
What is the hundreds digit of 53800?
8
What is the hundreds digit of 2432?
4
What is the units digit of 265?
5
What is the hundreds digit of 899?
8
What is the ten thousands digit of 19504?
1
What is the hundreds digit of 1077?
0
What is the tens digit of 171?
7
What is the thousands digit of 10326?
0
What is the units digit of 993?
3
What is the hundreds digit of 37093?
0
What is the tens digit of 10041?
4
What is the units digit of 7968?
8
What is the tens digit of 3300?
0
What is the tens digit of 26?
2
What is the units digit of 10527?
7
What is the hundreds digit of 739?
7
What is the hundreds digit of 17719?
7
What is the units digit of 14530?
0
What is the units digit of 11647?
7
What is the units digit of 9771?
1
What is the ten thousands digit of 10002?
1
What is the thousands digit of 2547?
2
What is the tens digit of 1099?
9
What is the units digit of 60988?
8
What is the hundreds digit of 24176?
1
What is the tens digit of 6442?
4
What is the tens digit of 783?
8
What is the units digit of 1374?
4
What is the tens digit of 7999?
9
What is the ten thousands digit of 14617?
1
What is the tens digit of 562?
6
What is the hundreds digit of 38026?
0
What is the units digit of 5179?
9
What is the units digit of 63470?
0
What is the units digit of 53249?
9
What is the thousands digit of 74233?
4
What is the tens digit of 243?
4
What is the thousands digit of 24654?
4
What is the units digit of 16081?
1
What is the ten thousands digit of 28195?
2
What is the hundreds digit of 13564?
5
What is the hundreds digit of 9078?
0
What is the hundreds digit of 453?
4
What is the ten thousands digit of 18014?
1
What is the hundreds digit of 10300?
3
What is the units digit of 56766?
6
What is the ten thousands digit of 16617?
1
What is the ten thousands digit of 14001?
1
What is the thousands digit of 8634?
8
What is the tens digit of 53?
5
What is the thousands digit of 6046?
6
What is the hundred thousands digit of 100122?
1
What is the hundreds digit of 919?
9
What is the thousands digit of 29904?
9
What is the thousands digit of 4395?
4
What is the thousands digit of 25388?
5
What is the ten thousands digit of 29798?
2
What is the hundreds digit of 3412?
4
What is the thousands digit of 11678?
1
What is the units digit of 1800?
0
What is the hundreds digit of 12428?
4
What is the hundred thousands digit of 186024?
1
What is the units digit of 35394?
4
What is the units digit of 60529?
9
What is the thousands digit of 1344?
1
What is the units digit of 801?
1
What is the units digit of 6833?
3
What is the thousands digit of 11320?
1
What is the thousands digit of 2828?
2
What is the ten thousands digit of 98408?
9
What is the thousands digit of 1134?
1
What is the hundreds digit of 394?
3
What is the tens digit of 3324?
2
What is the hundreds digit of 995?
9
What is the units digit of 86466?
6
What is the tens digit of 1758?
5
What is the units digit of 1122?
2
What is the thousands digit of 32482?
2
What is the hundreds digit of 1631?
6
What is the thousands digit of 77213?
7
What is the units digit of 25893?
3
What is the thousands digit of 1226?
1
What is the units digit of 449?
9
What is the tens digit of 1956?
5
What is the tens digit of 81006?
0
What is the units digit of 2318?
8
What is the thousands digit of 36422?
6
What is the tens digit of 2554?
5
What is the ten thousands digit of 34997?
3
What is the tens digit of 2359?
5
What is the tens digit of 528?
2
What is the hundreds digit of 1096?
0
What is the tens digit of 500?
0
What is the hundreds digit of 3550?
5
What is the units digit of 133481?
1
What is the hundreds digit of 6551?
5
What is the hundreds digit of 206?
2
What is the units digit of 9255?
5
What is the thousands digit of 10766?
0
What is the tens digit of 83236?
3
What is the thousands digit of 1007?
1
What is the hundreds digit of 44369?
3
What is the tens digit of 2227?
2
What is the units digit of 12899?
9
What is the thousands digit of 1138?
1
What is the units digit of 13381?
1
What is the thousands digit of 4789?
4
What is the tens digit of 2427?
2
What is the thousands digit of 5026?
5
What is the units digit of 106?
6
What is the units digit of 474?
4
What is the thousands digit of 2488?
2
What is the thousands digit of 57551?
7
What is the ten thousands digit of 14491?
1
What is the tens digit of 1494?
9
What is the thousands digit of 9755?
9
What is the thousands digit of 61094?
1
What is the units digit of 29990?
0
What is the units digit of 209645?
5
What is the tens digit of 1036?
3
What is the units digit of 906?
6
What is the units digit of 63526?
6
What is the hundreds digit of 67798?
7
What is the tens digit of 8160?
6
What is the thousands digit of 4092?
4
What is the tens digit of 3650?
5
What is the ten thousands digit of 10071?
1
What is the hundreds digit of 91704?
7
What is the units digit of 871?
1
What is the units digit of 29?
9
What is the tens digit of 232?
3
What is the hundreds digit of 24173?
1
What is the hundreds digit of 205?
2
What is the ten thousands digit of 14126?
1
What is the hundreds digit of 14441?
4
What is the tens digit of 15429?
2
What is the hundreds digit of 832?
8
What is the tens digit of 32013?
1
What is the hundreds digit of 2840?
8
What is the hundreds digit of 12500?
5
What is the tens digit of 18408?
0
What is the thousands digit of 2893?
2
What is the units digit of 1643?
3
What is the units digit of 2467?
7
What is the units 